7, 44739787
List the prime factors of 2054490809.
7, 491, 597757
List the prime factors of 66362547.
3, 853, 25933
What are the prime factors of 8947975?
5, 73, 4903
What are the prime factors of 930547787?
13, 71580599
What are the prime factors of 714440268?
2, 3, 2273, 8731
List the prime factors of 1750464658.
2, 875232329
List the prime factors of 14061923.
14061923
List the prime factors of 260686259.
260686259
What are the prime factors of 19178947?
29, 661343
What are the prime factors of 9430963?
9430963
What are the prime factors of 498765515?
5, 239, 417377
What are the prime factors of 35853911?
67, 535133
What are the prime factors of 7954599?
3, 269, 9857
List the prime factors of 53343930.
2, 3, 5, 89, 19979
What are the prime factors of 76440929?
619, 123491
List the prime factors of 155059367.
109, 1422563
What are the prime factors of 529654015?
5, 11, 751, 12823
List the prime factors of 1133181036.
2, 3, 13, 17, 197, 241
List the prime factors of 134626671.
3, 29, 171937
What are the prime factors of 4432526?
2, 7, 37, 43, 199
List the prime factors of 38412834.
2, 3, 6402139
List the prime factors of 3997398435.
3, 5, 266493229
What are the prime factors of 3294137764?
2, 823534441
List the prime factors of 16141771.
3229, 4999
What are the prime factors of 1837395788?
2, 1163, 394969
What are the prime factors of 2125992?
2, 3, 11, 8053
What are the prime factors of 1654851703?
31, 53382313
What are the prime factors of 91302597?
3, 17, 596749
What are the prime factors of 33641292?
2, 3, 2803441
List the prime factors of 197893997.
7, 53, 181, 421
What are the prime factors of 69181023?
3, 43, 536287
What are the prime factors of 1961469349?
7, 1399, 200293
List the prime factors of 20013340.
2, 5, 1000667
List the prime factors of 77821646.
2, 7, 5558689
What are the prime factors of 280499440?
2, 5, 13, 20747
List the prime factors of 397216130.
2, 5, 139, 285767
List the prime factors of 35275569.
3, 7, 59, 71, 401
What are the prime factors of 242690571?
3, 109, 247391
What are the prime factors of 147907830?
2, 3, 5, 7, 29, 149, 163
What are the prime factors of 1536690995?
5, 7, 373, 117709
List the prime factors of 55107614.
2, 113, 243839
What are the prime factors of 227534039?
271, 839609
List the prime factors of 266439955.
5, 1187, 44893
What are the prime factors of 402331580?
2, 5, 7, 2873797
List the prime factors of 22525706.
2, 7, 1608979
What are the prime factors of 215156512?
2, 6723641
What are the prime factors of 12460990?
2, 5, 1246099
What are the prime factors of 1908418327?
1908418327
What are the prime factors of 421197950?
2, 5, 17, 495527
List the prime factors of 47514570.
2, 3, 5, 43, 36833
What are the prime factors of 51439812?
2, 3, 229, 18719
What are the prime factors of 2719595?
5, 167, 3257
What are the prime factors of 1559789274?
2, 3, 259964879
What are the prime factors of 1070988710?
2, 5, 11, 9736261
What are the prime factors of 33780488?
2, 7, 241, 2503
List the prime factors of 149691095.
5, 31, 965749
List the prime factors of 11732414.
2, 17, 29, 73, 163
What are the prime factors of 1880945911?
13, 23, 6290789
List the prime factors of 157590091.
157590091
What are the prime factors of 69635472?
2, 3, 1450739
List the prime factors of 30190137.
3, 10063379
What are the prime factors of 828683479?
13, 17, 3749699
What are the prime factors of 8351606208?
2, 3, 11, 89, 157, 283
List the prime factors of 251699051.
23, 10943437
What are the prime factors of 28957425?
3, 5, 7, 19, 2903
List the prime factors of 53680051.
199, 269749
List the prime factors of 1240767344.
2, 4297, 18047
List the prime factors of 433602753.
3, 1039, 139109
What are the prime factors of 1161791863?
1161791863
List the prime factors of 294790678.
2, 7, 13, 23, 70423
List the prime factors of 585373260.
2, 3, 5, 9756221
What are the prime factors of 38189373?
3, 19, 669989
What are the prime factors of 2832950125?
5, 17, 1333153
What are the prime factors of 101768141?
101768141
What are the prime factors of 8499171?
3, 73, 197
What are the prime factors of 1304897266?
2, 652448633
What are the prime factors of 721439408?
2, 45089963
List the prime factors of 1273234773.
3, 43, 439, 22483
What are the prime factors of 1122152656?
2, 79, 107, 8297
List the prime factors of 113552252.
2, 11, 89, 107, 271
What are the prime factors of 1375523906?
2, 687761953
What are the prime factors of 208969811?
208969811
List the prime factors of 1075621422.
2, 3, 179270237
List the prime factors of 134346596.
2, 389, 86341
What are the prime factors of 16125095?
5, 7, 17, 41, 661
What are the prime factors of 768893940?
2, 3, 5, 557, 7669
List the prime factors of 5268152170.
2, 5, 479, 1099823
List the prime factors of 996475376.
2, 13, 401, 919
List the prime factors of 3052055988.
2, 3, 84779333
What are the prime factors of 1010385486?
2, 3, 11, 199, 25643
What are the prime factors of 3366739?
3366739
List the prime factors of 60191028.
2, 3, 733, 2281
List the prime factors of 1206578.
2, 463, 1303
What are the prime factors of 691889486?
2, 345944743
What are the prime factors of 289896916?
2, 97, 747157
What are the prime factors of 1287952110?
2, 3, 5, 223, 21391
List the prime factors of 6724736.
2, 107, 491
List the prime factors of 256824136.
2, 211, 152147
List the prime factors of 164557651.
19, 8660929
List the prime factors of 47817910.
2, 5, 7, 79, 8647
What are the prime factors of 1036940849?
7, 29, 131, 38993
What are the prime factors of 95703385?
5, 71, 3797
What are the prime factors of 534777121?
59, 9064019
What are the prime factors of 56649424?
2, 13, 272353
List the prime factors of 55951470.
2, 3, 5, 41, 59, 257
What are the prime factors of 98568509?
13, 647, 11719
List the prime factors of 849428117.
19, 31, 199, 7247
List the prime factors of 385697328.
2, 3, 8035361
What are the prime factors of 327657092?
2, 7, 11702039
What are the prime factors of 2771732185?
5, 23, 24102019
What are the prime factors of 290186107?
17, 19, 898409
What are the prime factors of 2085450244?
2, 521362561
List the prime factors of 67659946.
2, 33829973
List the prime factors of 4484828.
2, 73, 15359
What are the prime factors of 359457932?
2, 2801, 32083
What are the prime factors of 536267317?
661, 811297
List the prime factors of 190183985.
5, 38036797
What are the prime factors of 3568090?
2, 5, 509, 701
List the prime factors of 39200695.
5, 67, 117017
What are the prime factors of 2012987637?
3, 907, 246599
List the prime factors of 37653061.
37653061
List the prime factors of 1441962309.
3, 317, 1516259
What are the prime factors of 994535842?
2, 497267921
List the prime factors of 47663559.
3, 29, 103, 197
What are the prime factors of 110806063?
110806063
What are the prime factors of 3168038466?
2, 3, 19555793
What are the prime factors of 67334081?
19, 383, 487
What are the prime factors of 47549259?
3, 139, 191, 199
List the prime factors of 7999364.
2, 31, 2081
What are the prime factors of 409588142?
2, 409, 500719
What are the prime factors of 1676616133?
1676616133
List the prime factors of 42651795.
3, 5, 47, 101, 599
List the prime factors of 2001251617.
2001251617
What are the prime factors of 487416?
2, 3, 23, 883
What are the prime factors of 100200399?
3, 13, 379, 6779
List the prime factors of 378330808.
2, 421, 112331
List the prime factors of 270467236.
2, 13, 5201293
What are the prime factors of 2572829665?
5, 7, 73509419
What are the prime factors of 628399000?
2, 5, 628399
What are the prime factors of 1721595849?
3, 643, 892481
List the prime factors of 51680768.
2, 193, 523
List the prime factors of 1298236690.
2, 5, 4523, 28703
List the prime factors of 5019610116.
2, 3, 29, 857, 16831
What are the prime factors of 5101216878?
2, 3, 139, 6116567
What are the prime factors of 123043238?
2, 23, 2674853
List the prime factors of 409452121.
13, 31496317
What are the prime factors of 295386284?
2, 103, 787, 911
List the prime factors of 52370992.
2, 19, 9067
List the prime factors of 2392043586.
2, 3, 109, 1531, 2389
List the prime factors of 65596454.
2, 7, 11, 193, 2207
List the prime factors of 418021879.
11, 38001989
What are the prime factors of 2770186563?
3, 5